{"id":2,"date":"2023-09-17T11:29:20","date_gmt":"2023-09-17T09:29:20","guid":{"rendered":"http:\/\/plombier-millau-service.com\/?page_id=2"},"modified":"2025-02-11T13:10:42","modified_gmt":"2025-02-11T12:10:42","slug":"page-d-exemple","status":"publish","type":"page","link":"https:\/\/plombier-millau-service.com\/","title":{"rendered":"PLOMBIER MILLAU SERVICE"},"content":{"rendered":"\n<p class=\"has-text-align-center\">Entreprise sp\u00e9cialis\u00e9e en recherche de fuites <br>&amp;<br> d\u00e9pannages en plomberie sanitaire<\/p>\n\n\n\n<figure class=\"wp-block-image size-full\"><img loading=\"lazy\" decoding=\"async\" width=\"817\" height=\"430\" src=\"https:\/\/plombier-millau-service.com\/wp-content\/uploads\/2025\/01\/5ee81da1-1fc2-42de-9f42-90b43cc3c97f.jpeg\" alt=\"\" class=\"wp-image-69\" srcset=\"https:\/\/plombier-millau-service.com\/wp-content\/uploads\/2025\/01\/5ee81da1-1fc2-42de-9f42-90b43cc3c97f.jpeg 817w, https:\/\/plombier-millau-service.com\/wp-content\/uploads\/2025\/01\/5ee81da1-1fc2-42de-9f42-90b43cc3c97f-300x158.jpeg 300w, https:\/\/plombier-millau-service.com\/wp-content\/uploads\/2025\/01\/5ee81da1-1fc2-42de-9f42-90b43cc3c97f-768x404.jpeg 768w\" sizes=\"auto, (max-width: 817px) 100vw, 817px\" \/><\/figure>\n\n\n\n<h2 class=\"wp-block-heading\"><strong>Recherche de fuites<\/strong><\/h2>\n\n\n\n<p>Gr\u00e2ce \u00e0 des \u00e9quipements de d\u00e9tection modernes et non-invasifs, nous localisons rapidement et pr\u00e9cis\u00e9ment l\u2019origine de vos fuites, que ce soit dans vos canalisations, vos murs ou m\u00eame sous le sol.<\/p>\n\n\n\n<figure class=\"wp-block-image size-large\"><img loading=\"lazy\" decoding=\"async\" width=\"1024\" height=\"681\" src=\"https:\/\/plombier-millau-service.com\/wp-content\/uploads\/2025\/01\/panel-1-1024x681.jpg\" alt=\"\" class=\"wp-image-110\" srcset=\"https:\/\/plombier-millau-service.com\/wp-content\/uploads\/2025\/01\/panel-1-1024x681.jpg 1024w, https:\/\/plombier-millau-service.com\/wp-content\/uploads\/2025\/01\/panel-1-300x200.jpg 300w, https:\/\/plombier-millau-service.com\/wp-content\/uploads\/2025\/01\/panel-1-768x511.jpg 768w, https:\/\/plombier-millau-service.com\/wp-content\/uploads\/2025\/01\/panel-1-1536x1022.jpg 1536w, https:\/\/plombier-millau-service.com\/wp-content\/uploads\/2025\/01\/panel-1-1200x798.jpg 1200w, https:\/\/plombier-millau-service.com\/wp-content\/uploads\/2025\/01\/panel-1.jpg 1838w\" sizes=\"auto, (max-width: 1024px) 100vw, 1024px\" \/><\/figure>\n\n\n\n<h2 class=\"wp-block-heading\"><strong>Nos outils \u00e0 votre disposition<\/strong><\/h2>\n\n\n\n<p>* Passage cam\u00e9ra d&rsquo;inspection vid\u00e9o endoscopique<\/p>\n\n\n\n<p>* Cam\u00e9ra thermique<\/p>\n\n\n\n<p>* D\u00e9tection avec gaz traceur<\/p>\n\n\n\n<p>* Colorants tra\u00e7ant<\/p>\n\n\n\n<p>* Mise \u00e0 l&rsquo;\u00e9preuve des circuits<\/p>\n\n\n\n<p>* D\u00e9tection \u00e9lectro-acoustique<\/p>\n\n\n\n<p>*  Fumigation <\/p>\n\n\n\n<p>Ces techniques permettent de localiser les fuites de mani\u00e8re pr\u00e9cise et sans dommages, garantissant ainsi une intervention cibl\u00e9e et minimisant les co\u00fbts de r\u00e9paration.<\/p>\n\n\n<div class=\"foogallery foogallery-container foogallery-carousel foogallery-lightbox-foogallery fg-carousel fg-light fg-border-thin fg-shadow-outline fg-loading-default fg-loaded-fade-in fg-caption-hover fg-hover-fade fg-hover-zoom fg-ready\" id=\"foogallery-gallery-115\" data-foogallery=\"{&quot;item&quot;:{&quot;showCaptionTitle&quot;:true,&quot;showCaptionDescription&quot;:true},&quot;lazy&quot;:true,&quot;template&quot;:{&quot;maxItems&quot;:5,&quot;scale&quot;:0.12,&quot;gutter&quot;:{&quot;min&quot;:-40,&quot;max&quot;:-20,&quot;unit&quot;:&quot;%&quot;},&quot;autoplay&quot;:{&quot;time&quot;:0,&quot;interaction&quot;:&quot;pause&quot;},&quot;centerOnClick&quot;:true}}\" data-foogallery-lightbox=\"{&quot;thumbs&quot;:&quot;bottom&quot;,&quot;thumbsCaptions&quot;:false,&quot;thumbsBestFit&quot;:false,&quot;thumbsSmall&quot;:false,&quot;thumbsCaptionsAlign&quot;:&quot;default&quot;,&quot;info&quot;:&quot;bottom&quot;,&quot;infoVisible&quot;:true,&quot;infoOverlay&quot;:true,&quot;infoAlign&quot;:&quot;default&quot;,&quot;transition&quot;:&quot;fade&quot;,&quot;hoverButtons&quot;:false,&quot;fitMedia&quot;:false,&quot;noScrollbars&quot;:true,&quot;preserveButtonSpace&quot;:true,&quot;buttons&quot;:{&quot;fullscreen&quot;:true,&quot;info&quot;:true,&quot;thumbs&quot;:false},&quot;video&quot;:{&quot;autoPlay&quot;:true}}\" >\r\n\t<button type=\"button\" class=\"fg-carousel-prev\"><\/button>\r\n\t<div class=\"fg-carousel-inner\">\r\n\t\t<div class=\"fg-carousel-center\"><\/div>\r\n\t\t<div class=\"fg-item fg-type-image fg-idle\"><figure class=\"fg-item-inner\"><a href=\"https:\/\/plombier-millau-service.com\/wp-content\/uploads\/2025\/02\/IMG_6308-1.png\" data-attachment-id=\"132\" data-type=\"image\" class=\"fg-thumb\"><span class=\"fg-image-wrap\"><img decoding=\"async\" width=\"200\" height=\"200\" class=\"skip-lazy fg-image\" data-src-fg=\"https:\/\/plombier-millau-service.com\/wp-content\/uploads\/cache\/2025\/02\/IMG_6308-1\/3238071671.png\" src=\"data:image\/svg+xml,%3Csvg%20xmlns%3D%22http%3A%2F%2Fwww.w3.org%2F2000%2Fsvg%22%20width%3D%22200%22%20height%3D%22200%22%20viewBox%3D%220%200%20200%20200%22%3E%3C%2Fsvg%3E\" loading=\"eager\"><\/span><span class=\"fg-image-overlay\"><\/span><\/a><figcaption class=\"fg-caption\"><div class=\"fg-caption-inner\"><\/div><\/figcaption><\/figure><div class=\"fg-loader\"><\/div><\/div><div class=\"fg-item fg-type-image fg-idle\"><figure class=\"fg-item-inner\"><a href=\"https:\/\/plombier-millau-service.com\/wp-content\/uploads\/2025\/02\/IMG_4803.jpeg\" data-attachment-id=\"116\" data-type=\"image\" class=\"fg-thumb\"><span class=\"fg-image-wrap\"><img decoding=\"async\" width=\"200\" height=\"200\" class=\"skip-lazy fg-image\" data-src-fg=\"https:\/\/plombier-millau-service.com\/wp-content\/uploads\/cache\/2025\/02\/IMG_4803\/3105361609.jpeg\" src=\"data:image\/svg+xml,%3Csvg%20xmlns%3D%22http%3A%2F%2Fwww.w3.org%2F2000%2Fsvg%22%20width%3D%22200%22%20height%3D%22200%22%20viewBox%3D%220%200%20200%20200%22%3E%3C%2Fsvg%3E\" loading=\"eager\"><\/span><span class=\"fg-image-overlay\"><\/span><\/a><figcaption class=\"fg-caption\"><div class=\"fg-caption-inner\"><\/div><\/figcaption><\/figure><div class=\"fg-loader\"><\/div><\/div><div class=\"fg-item fg-type-image fg-idle\"><figure class=\"fg-item-inner\"><a href=\"https:\/\/plombier-millau-service.com\/wp-content\/uploads\/2025\/02\/IMG_3467.jpeg\" data-attachment-id=\"117\" data-type=\"image\" class=\"fg-thumb\"><span class=\"fg-image-wrap\"><img decoding=\"async\" width=\"200\" height=\"200\" class=\"skip-lazy fg-image\" data-src-fg=\"https:\/\/plombier-millau-service.com\/wp-content\/uploads\/cache\/2025\/02\/IMG_3467\/1394384452.jpeg\" src=\"data:image\/svg+xml,%3Csvg%20xmlns%3D%22http%3A%2F%2Fwww.w3.org%2F2000%2Fsvg%22%20width%3D%22200%22%20height%3D%22200%22%20viewBox%3D%220%200%20200%20200%22%3E%3C%2Fsvg%3E\" loading=\"eager\"><\/span><span class=\"fg-image-overlay\"><\/span><\/a><figcaption class=\"fg-caption\"><div class=\"fg-caption-inner\"><\/div><\/figcaption><\/figure><div class=\"fg-loader\"><\/div><\/div><div class=\"fg-item fg-type-image fg-idle\"><figure class=\"fg-item-inner\"><a href=\"https:\/\/plombier-millau-service.com\/wp-content\/uploads\/2025\/02\/IMG_6495.jpeg\" data-attachment-id=\"118\" data-type=\"image\" class=\"fg-thumb\"><span class=\"fg-image-wrap\"><img decoding=\"async\" width=\"200\" height=\"200\" class=\"skip-lazy fg-image\" data-src-fg=\"https:\/\/plombier-millau-service.com\/wp-content\/uploads\/cache\/2025\/02\/IMG_6495\/2978786819.jpeg\" src=\"data:image\/svg+xml,%3Csvg%20xmlns%3D%22http%3A%2F%2Fwww.w3.org%2F2000%2Fsvg%22%20width%3D%22200%22%20height%3D%22200%22%20viewBox%3D%220%200%20200%20200%22%3E%3C%2Fsvg%3E\" loading=\"eager\"><\/span><span class=\"fg-image-overlay\"><\/span><\/a><figcaption class=\"fg-caption\"><div class=\"fg-caption-inner\"><\/div><\/figcaption><\/figure><div class=\"fg-loader\"><\/div><\/div><div class=\"fg-item fg-type-image fg-idle\"><figure class=\"fg-item-inner\"><a href=\"https:\/\/plombier-millau-service.com\/wp-content\/uploads\/2025\/02\/IMG_6505.jpeg\" data-attachment-id=\"119\" data-type=\"image\" class=\"fg-thumb\"><span class=\"fg-image-wrap\"><img decoding=\"async\" width=\"200\" height=\"200\" class=\"skip-lazy fg-image\" data-src-fg=\"https:\/\/plombier-millau-service.com\/wp-content\/uploads\/cache\/2025\/02\/IMG_6505\/1214484615.jpeg\" src=\"data:image\/svg+xml,%3Csvg%20xmlns%3D%22http%3A%2F%2Fwww.w3.org%2F2000%2Fsvg%22%20width%3D%22200%22%20height%3D%22200%22%20viewBox%3D%220%200%20200%20200%22%3E%3C%2Fsvg%3E\" loading=\"eager\"><\/span><span class=\"fg-image-overlay\"><\/span><\/a><figcaption class=\"fg-caption\"><div class=\"fg-caption-inner\"><\/div><\/figcaption><\/figure><div class=\"fg-loader\"><\/div><\/div><div class=\"fg-item fg-type-image fg-idle\"><figure class=\"fg-item-inner\"><a href=\"https:\/\/plombier-millau-service.com\/wp-content\/uploads\/2025\/02\/IMG_5113.jpeg\" data-attachment-id=\"120\" data-type=\"image\" class=\"fg-thumb\"><span class=\"fg-image-wrap\"><img decoding=\"async\" width=\"200\" height=\"200\" class=\"skip-lazy fg-image\" data-src-fg=\"https:\/\/plombier-millau-service.com\/wp-content\/uploads\/cache\/2025\/02\/IMG_5113\/1574358477.jpeg\" src=\"data:image\/svg+xml,%3Csvg%20xmlns%3D%22http%3A%2F%2Fwww.w3.org%2F2000%2Fsvg%22%20width%3D%22200%22%20height%3D%22200%22%20viewBox%3D%220%200%20200%20200%22%3E%3C%2Fsvg%3E\" loading=\"eager\"><\/span><span class=\"fg-image-overlay\"><\/span><\/a><figcaption class=\"fg-caption\"><div class=\"fg-caption-inner\"><\/div><\/figcaption><\/figure><div class=\"fg-loader\"><\/div><\/div><div class=\"fg-item fg-type-image fg-idle\"><figure class=\"fg-item-inner\"><a href=\"https:\/\/plombier-millau-service.com\/wp-content\/uploads\/2025\/02\/IMG_4702.jpeg\" data-attachment-id=\"121\" data-type=\"image\" class=\"fg-thumb\"><span class=\"fg-image-wrap\"><img decoding=\"async\" width=\"200\" height=\"200\" class=\"skip-lazy fg-image\" data-src-fg=\"https:\/\/plombier-millau-service.com\/wp-content\/uploads\/cache\/2025\/02\/IMG_4702\/302775826.jpeg\" src=\"data:image\/svg+xml,%3Csvg%20xmlns%3D%22http%3A%2F%2Fwww.w3.org%2F2000%2Fsvg%22%20width%3D%22200%22%20height%3D%22200%22%20viewBox%3D%220%200%20200%20200%22%3E%3C%2Fsvg%3E\" loading=\"eager\"><\/span><span class=\"fg-image-overlay\"><\/span><\/a><figcaption class=\"fg-caption\"><div class=\"fg-caption-inner\"><\/div><\/figcaption><\/figure><div class=\"fg-loader\"><\/div><\/div><div class=\"fg-item fg-type-image fg-idle\"><figure class=\"fg-item-inner\"><a href=\"https:\/\/plombier-millau-service.com\/wp-content\/uploads\/2025\/02\/IMG_6295.jpeg\" data-attachment-id=\"123\" data-type=\"image\" class=\"fg-thumb\"><span class=\"fg-image-wrap\"><img decoding=\"async\" width=\"200\" height=\"200\" class=\"skip-lazy fg-image\" data-src-fg=\"https:\/\/plombier-millau-service.com\/wp-content\/uploads\/cache\/2025\/02\/IMG_6295\/1149966737.jpeg\" src=\"data:image\/svg+xml,%3Csvg%20xmlns%3D%22http%3A%2F%2Fwww.w3.org%2F2000%2Fsvg%22%20width%3D%22200%22%20height%3D%22200%22%20viewBox%3D%220%200%20200%20200%22%3E%3C%2Fsvg%3E\" loading=\"eager\"><\/span><span class=\"fg-image-overlay\"><\/span><\/a><figcaption class=\"fg-caption\"><div class=\"fg-caption-inner\"><\/div><\/figcaption><\/figure><div class=\"fg-loader\"><\/div><\/div><div class=\"fg-item fg-type-image fg-idle\"><figure class=\"fg-item-inner\"><a href=\"https:\/\/plombier-millau-service.com\/wp-content\/uploads\/2025\/02\/IMG_5943.jpeg\" data-attachment-id=\"126\" data-type=\"image\" class=\"fg-thumb\"><span class=\"fg-image-wrap\"><img decoding=\"async\" width=\"200\" height=\"200\" class=\"skip-lazy fg-image\" data-src-fg=\"https:\/\/plombier-millau-service.com\/wp-content\/uploads\/cache\/2025\/02\/IMG_5943\/4120203819.jpeg\" src=\"data:image\/svg+xml,%3Csvg%20xmlns%3D%22http%3A%2F%2Fwww.w3.org%2F2000%2Fsvg%22%20width%3D%22200%22%20height%3D%22200%22%20viewBox%3D%220%200%20200%20200%22%3E%3C%2Fsvg%3E\" loading=\"eager\"><\/span><span class=\"fg-image-overlay\"><\/span><\/a><figcaption class=\"fg-caption\"><div class=\"fg-caption-inner\"><\/div><\/figcaption><\/figure><div class=\"fg-loader\"><\/div><\/div><div class=\"fg-item fg-type-image fg-idle\"><figure class=\"fg-item-inner\"><a href=\"https:\/\/plombier-millau-service.com\/wp-content\/uploads\/2025\/02\/IMG_6014.jpeg\" data-attachment-id=\"127\" data-type=\"image\" class=\"fg-thumb\"><span class=\"fg-image-wrap\"><img decoding=\"async\" width=\"200\" height=\"200\" class=\"skip-lazy fg-image\" data-src-fg=\"https:\/\/plombier-millau-service.com\/wp-content\/uploads\/cache\/2025\/02\/IMG_6014\/3212497501.jpeg\" src=\"data:image\/svg+xml,%3Csvg%20xmlns%3D%22http%3A%2F%2Fwww.w3.org%2F2000%2Fsvg%22%20width%3D%22200%22%20height%3D%22200%22%20viewBox%3D%220%200%20200%20200%22%3E%3C%2Fsvg%3E\" loading=\"eager\"><\/span><span class=\"fg-image-overlay\"><\/span><\/a><figcaption class=\"fg-caption\"><div class=\"fg-caption-inner\"><\/div><\/figcaption><\/figure><div class=\"fg-loader\"><\/div><\/div><div class=\"fg-item fg-type-image fg-idle\"><figure class=\"fg-item-inner\"><a href=\"https:\/\/plombier-millau-service.com\/wp-content\/uploads\/2025\/02\/IMG_6114.jpeg\" data-attachment-id=\"128\" data-type=\"image\" class=\"fg-thumb\"><span class=\"fg-image-wrap\"><img decoding=\"async\" width=\"200\" height=\"200\" class=\"skip-lazy fg-image\" data-src-fg=\"https:\/\/plombier-millau-service.com\/wp-content\/uploads\/cache\/2025\/02\/IMG_6114\/3678026177.jpeg\" src=\"data:image\/svg+xml,%3Csvg%20xmlns%3D%22http%3A%2F%2Fwww.w3.org%2F2000%2Fsvg%22%20width%3D%22200%22%20height%3D%22200%22%20viewBox%3D%220%200%20200%20200%22%3E%3C%2Fsvg%3E\" loading=\"eager\"><\/span><span class=\"fg-image-overlay\"><\/span><\/a><figcaption class=\"fg-caption\"><div class=\"fg-caption-inner\"><\/div><\/figcaption><\/figure><div class=\"fg-loader\"><\/div><\/div>\t<\/div>\r\n\t<div class=\"fg-carousel-bottom\"><\/div>\r\n\t<div class=\"fg-carousel-progress\"><\/div>\r\n\t<button type=\"button\" class=\"fg-carousel-next\"><\/button>\r\n<\/div>\n\n\n\n<h2 class=\"wp-block-heading\"><strong>Rapports de recherche<\/strong><\/h2>\n\n\n\n<p>Apr\u00e8s chaque intervention de recherche de fuite, nous vous fournissons un <strong>rapport d\u00e9taill\u00e9 et complet<\/strong>. <\/p>\n\n\n\n<p>Ce document inclut toutes les informations n\u00e9cessaires sur l\u2019origine de la fuite, les techniques utilis\u00e9es pour la d\u00e9tecter, et les recommandations pour les r\u00e9parations. Il est con\u00e7u pour r\u00e9pondre aux exigences des compagnies d\u2019assurances afin de faciliter vos d\u00e9marches de prise en charge.<\/p>\n\n\n<div class=\"foogallery foogallery-container foogallery-carousel foogallery-lightbox-foogallery fg-carousel fg-light fg-border-thin fg-shadow-outline fg-loading-default fg-loaded-fade-in fg-caption-hover fg-hover-fade fg-hover-zoom fg-ready\" id=\"foogallery-gallery-134\" data-foogallery=\"{&quot;item&quot;:{&quot;showCaptionTitle&quot;:true,&quot;showCaptionDescription&quot;:true},&quot;lazy&quot;:true,&quot;template&quot;:{&quot;maxItems&quot;:5,&quot;scale&quot;:0.12,&quot;gutter&quot;:{&quot;min&quot;:-40,&quot;max&quot;:-20,&quot;unit&quot;:&quot;%&quot;},&quot;autoplay&quot;:{&quot;time&quot;:0,&quot;interaction&quot;:&quot;pause&quot;},&quot;centerOnClick&quot;:true}}\" data-foogallery-lightbox=\"{&quot;thumbs&quot;:&quot;bottom&quot;,&quot;thumbsCaptions&quot;:false,&quot;thumbsBestFit&quot;:false,&quot;thumbsSmall&quot;:false,&quot;thumbsCaptionsAlign&quot;:&quot;default&quot;,&quot;info&quot;:&quot;bottom&quot;,&quot;infoVisible&quot;:true,&quot;infoOverlay&quot;:true,&quot;infoAlign&quot;:&quot;default&quot;,&quot;transition&quot;:&quot;fade&quot;,&quot;hoverButtons&quot;:false,&quot;fitMedia&quot;:false,&quot;noScrollbars&quot;:true,&quot;preserveButtonSpace&quot;:true,&quot;buttons&quot;:{&quot;fullscreen&quot;:true,&quot;info&quot;:true,&quot;thumbs&quot;:false},&quot;video&quot;:{&quot;autoPlay&quot;:true}}\" >\r\n\t<button type=\"button\" class=\"fg-carousel-prev\"><\/button>\r\n\t<div class=\"fg-carousel-inner\">\r\n\t\t<div class=\"fg-carousel-center\"><\/div>\r\n\t\t<div class=\"fg-item fg-type-image fg-idle\"><figure class=\"fg-item-inner\"><a href=\"https:\/\/plombier-millau-service.com\/wp-content\/uploads\/2025\/02\/RDF.jpg\" data-attachment-id=\"135\" data-type=\"image\" class=\"fg-thumb\"><span class=\"fg-image-wrap\"><img decoding=\"async\" width=\"200\" height=\"200\" class=\"skip-lazy fg-image\" data-src-fg=\"https:\/\/plombier-millau-service.com\/wp-content\/uploads\/cache\/2025\/02\/RDF\/2985368852.jpg\" src=\"data:image\/svg+xml,%3Csvg%20xmlns%3D%22http%3A%2F%2Fwww.w3.org%2F2000%2Fsvg%22%20width%3D%22200%22%20height%3D%22200%22%20viewBox%3D%220%200%20200%20200%22%3E%3C%2Fsvg%3E\" loading=\"eager\"><\/span><span class=\"fg-image-overlay\"><\/span><\/a><figcaption class=\"fg-caption\"><div class=\"fg-caption-inner\"><\/div><\/figcaption><\/figure><div class=\"fg-loader\"><\/div><\/div><div class=\"fg-item fg-type-image fg-idle\"><figure class=\"fg-item-inner\"><a href=\"https:\/\/plombier-millau-service.com\/wp-content\/uploads\/2025\/02\/rdf4.jpg\" data-attachment-id=\"137\" data-type=\"image\" class=\"fg-thumb\"><span class=\"fg-image-wrap\"><img decoding=\"async\" width=\"200\" height=\"200\" class=\"skip-lazy fg-image\" data-src-fg=\"https:\/\/plombier-millau-service.com\/wp-content\/uploads\/cache\/2025\/02\/rdf4\/1940806356.jpg\" src=\"data:image\/svg+xml,%3Csvg%20xmlns%3D%22http%3A%2F%2Fwww.w3.org%2F2000%2Fsvg%22%20width%3D%22200%22%20height%3D%22200%22%20viewBox%3D%220%200%20200%20200%22%3E%3C%2Fsvg%3E\" loading=\"eager\"><\/span><span class=\"fg-image-overlay\"><\/span><\/a><figcaption class=\"fg-caption\"><div class=\"fg-caption-inner\"><\/div><\/figcaption><\/figure><div class=\"fg-loader\"><\/div><\/div><div class=\"fg-item fg-type-image fg-idle\"><figure class=\"fg-item-inner\"><a href=\"https:\/\/plombier-millau-service.com\/wp-content\/uploads\/2025\/02\/rdf2.jpg\" data-attachment-id=\"136\" data-type=\"image\" class=\"fg-thumb\"><span class=\"fg-image-wrap\"><img decoding=\"async\" width=\"200\" height=\"200\" class=\"skip-lazy fg-image\" data-src-fg=\"https:\/\/plombier-millau-service.com\/wp-content\/uploads\/cache\/2025\/02\/rdf2\/1783703236.jpg\" src=\"data:image\/svg+xml,%3Csvg%20xmlns%3D%22http%3A%2F%2Fwww.w3.org%2F2000%2Fsvg%22%20width%3D%22200%22%20height%3D%22200%22%20viewBox%3D%220%200%20200%20200%22%3E%3C%2Fsvg%3E\" loading=\"eager\"><\/span><span class=\"fg-image-overlay\"><\/span><\/a><figcaption class=\"fg-caption\"><div class=\"fg-caption-inner\"><\/div><\/figcaption><\/figure><div class=\"fg-loader\"><\/div><\/div><div class=\"fg-item fg-type-image fg-idle\"><figure class=\"fg-item-inner\"><a href=\"https:\/\/plombier-millau-service.com\/wp-content\/uploads\/2025\/02\/rdf5.jpg\" data-attachment-id=\"138\" data-type=\"image\" class=\"fg-thumb\"><span class=\"fg-image-wrap\"><img decoding=\"async\" width=\"200\" height=\"200\" class=\"skip-lazy fg-image\" data-src-fg=\"https:\/\/plombier-millau-service.com\/wp-content\/uploads\/cache\/2025\/02\/rdf5\/2253433745.jpg\" src=\"data:image\/svg+xml,%3Csvg%20xmlns%3D%22http%3A%2F%2Fwww.w3.org%2F2000%2Fsvg%22%20width%3D%22200%22%20height%3D%22200%22%20viewBox%3D%220%200%20200%20200%22%3E%3C%2Fsvg%3E\" loading=\"eager\"><\/span><span class=\"fg-image-overlay\"><\/span><\/a><figcaption class=\"fg-caption\"><div class=\"fg-caption-inner\"><\/div><\/figcaption><\/figure><div class=\"fg-loader\"><\/div><\/div>\t<\/div>\r\n\t<div class=\"fg-carousel-bottom\"><\/div>\r\n\t<div class=\"fg-carousel-progress\"><\/div>\r\n\t<button type=\"button\" class=\"fg-carousel-next\"><\/button>\r\n<\/div>\n\n\n\n<h2 class=\"wp-block-heading\"><strong>D\u00e9pannage<\/strong><\/h2>\n\n\n\n<p>En cas de fuite, de rupture de canalisation, ou de tout autre probl\u00e8me de plomberie sanitaire, nous sommes l\u00e0 pour vous.<\/p>\n\n\n<div class=\"wp-block-image\">\n<figure class=\"aligncenter size-full\"><img loading=\"lazy\" decoding=\"async\" width=\"250\" height=\"250\" src=\"http:\/\/plombier-millau-service.com\/wp-content\/uploads\/2023\/09\/cropped-logo-pms.jpg\" alt=\"\" class=\"wp-image-8\" srcset=\"https:\/\/plombier-millau-service.com\/wp-content\/uploads\/2023\/09\/cropped-logo-pms.jpg 250w, https:\/\/plombier-millau-service.com\/wp-content\/uploads\/2023\/09\/cropped-logo-pms-150x150.jpg 150w\" sizes=\"auto, (max-width: 250px) 100vw, 250px\" \/><\/figure>\n<\/div>\n\n\n<h2 class=\"wp-block-heading\"><strong>Pourquoi choisir Plombier Millau Service ?<\/strong><\/h2>\n\n\n\n<p><em>1. <\/em>Un artisan qualifi\u00e9 et exp\u00e9riment\u00e9<em><em>.<\/em> <\/em><\/p>\n\n\n\n<p><em>2. <\/em>Une tarification transparente : vous recevrez toujours un devis d\u00e9taill\u00e9 avant le d\u00e9but des travaux, et nous n&rsquo;effectuerons aucune r\u00e9paration sans votre consentement.<\/p>\n\n\n\n<p><em>3.<\/em> Une expertise locale : notre connaissance approfondie des habitations locales et des mat\u00e9riaux couramment utilis\u00e9s sur le secteur nous permettent de diagnostiquer plus rapidement les causes des fuites.<\/p>\n\n\n\n<p><\/p>\n\n\n\n<p>N&rsquo;h\u00e9sitez pas \u00e0 nous contacter pour toute demande d&rsquo;information, d&rsquo;urgence ou pour obtenir un devis.<\/p>\n\n\n\n<p><em>T\u00e9l\u00e9phone : 06-74-71-72-04<\/em><\/p>\n\n\n\n<p><em>Email : <\/em><a href=\"mailto:contact@plombier-millau-service.com\">contact@plombier-millau-service.com<\/a><\/p>\n\n\n\n<p>Votre artisan de confiance \u00e0 Millau !<\/p>\n\n\n\n<div class=\"wp-block-buttons is-layout-flex wp-block-buttons-is-layout-flex\">\n<div class=\"wp-block-button is-style-outline is-style-outline--1\"><a class=\"wp-block-button__link wp-element-button\" href=\"https:\/\/maps.app.goo.gl\/ZvkNJKhTPPqwSXci7\" target=\"_blank\" rel=\"noopener\">VOIR LES AVIS DE NOS CLIENTS SUR NOTRE PAGE GOOGLE<\/a><\/div>\n<\/div>\n\n\n\n<hr class=\"wp-block-separator has-alpha-channel-opacity\"\/>\n\n\n\n<p><\/p>\n","protected":false},"excerpt":{"rendered":"<p>Entreprise sp\u00e9cialis\u00e9e en recherche de fuites &amp; d\u00e9pannages en plomberie sanitaire Recherche de fuites Gr\u00e2ce \u00e0 des \u00e9quipements de d\u00e9tection modernes et non-invasifs, nous localisons rapidement et pr\u00e9cis\u00e9ment l\u2019origine de vos fuites, que ce soit dans vos canalisations, vos murs ou m\u00eame sous le sol. Nos outils \u00e0 votre disposition * Passage cam\u00e9ra d&rsquo;inspection vid\u00e9o [&hellip;]<\/p>\n","protected":false},"author":1,"featured_media":0,"parent":0,"menu_order":0,"comment_status":"closed","ping_status":"open","template":"","meta":{"footnotes":""},"class_list":["post-2","page","type-page","status-publish","hentry"],"_links":{"self":[{"href":"https:\/\/plombier-millau-service.com\/index.php\/wp-json\/wp\/v2\/pages\/2","targetHints":{"allow":["GET"]}}],"collection":[{"href":"https:\/\/plombier-millau-service.com\/index.php\/wp-json\/wp\/v2\/pages"}],"about":[{"href":"https:\/\/plombier-millau-service.com\/index.php\/wp-json\/wp\/v2\/types\/page"}],"author":[{"embeddable":true,"href":"https:\/\/plombier-millau-service.com\/index.php\/wp-json\/wp\/v2\/users\/1"}],"replies":[{"embeddable":true,"href":"https:\/\/plombier-millau-service.com\/index.php\/wp-json\/wp\/v2\/comments?post=2"}],"version-history":[{"count":40,"href":"https:\/\/plombier-millau-service.com\/index.php\/wp-json\/wp\/v2\/pages\/2\/revisions"}],"predecessor-version":[{"id":142,"href":"https:\/\/plombier-millau-service.com\/index.php\/wp-json\/wp\/v2\/pages\/2\/revisions\/142"}],"wp:attachment":[{"href":"https:\/\/plombier-millau-service.com\/index.php\/wp-json\/wp\/v2\/media?parent=2"}],"curies":[{"name":"wp","href":"https:\/\/api.w.org\/{rel}","templated":true}]}}